{"id":6,"date":"2014-02-13T15:29:33","date_gmt":"2014-02-13T15:29:33","guid":{"rendered":"http:\/\/cordeldeachados.com.br\/?page_id=2"},"modified":"2017-07-31T07:05:15","modified_gmt":"2017-07-31T07:05:15","slug":"home","status":"publish","type":"page","link":"http:\/\/www.cordeldeachados.com.br\/novo\/","title":{"rendered":"Decora\u00e7\u00e3o com Jeitinho Brasileiro"},"content":{"rendered":"<p><div class=\"et_pb_section et_pb_fullwidth_section et_section_regular\">\n\n\t\t\t\n\n\t\t\t\n\n\t\t\t\t\n\n\t\t\t\t<div class=\"et_pb_slider et_slider_auto et_slider_speed_7000\">\n\n\t\t\t<div class=\"et_pb_slides\">\n\n\t\t\t\t<div class=\"et_pb_slide et_pb_bg_layout_dark et_pb_media_alignment_center\" style='background-color:#ffffff;'>\n\n\t\t\t\n\n<div class=\"iframe_panorama_slide\"><iframe loading=\"lazy\" src=\"http:\/\/www.vr4bi.com\/site\/360photos\/casacor2015\/playpano.php?y=2015&amp;m=07&amp;name=casacor_marina_linhares_logo\" width=\"100%\" height=\"650\" frameborder=\"0\" allowfullscreen=\"allowfullscreen\"><\/iframe><\/div>\n\n\t\t\t<div class=\"et_pb_container clearfix\">\n\n\t\t\t\t\n\n\t\t\t\t<div class=\"et_pb_slide_description\">\n\n\t\t\t\t\t<h2><a href=\"http:\/\/www.cordeldeachados.com.br\/novo\/casa-sustentavel-da-gente\/\">Casa sustent\u00e1vel da gente<\/a><\/h2>\n\n\t\t\t\t\t<div class=\"et_pb_slide_content\"><iframe loading=\"lazy\" src=\"http:\/\/www.vr4bi.com\/site\/360photos\/casacor2015\/playpano.php?y=2015&amp;m=07&amp;name=casacor_marina_linhares_logo\" width=\"100%\" height=\"650\" frameborder=\"0\" allowfullscreen=\"allowfullscreen\"><\/iframe><\/div>\n\n\t\t\t\t\t\n\n\t\t\t\t<\/div> <!-- .et_pb_slide_description -->\n\n\t\t\t<\/div> <!-- .et_pb_container -->\n\n\t\t\t\n\n\t\t<\/div> <!-- .et_pb_slide -->\n\n\t\t<div class=\"et_pb_slide et_pb_bg_layout_dark\" style='background-color:#ffffff;background-image:url(http:\/\/www.cordeldeachados.com.br\/novo\/wp-content\/uploads\/2017\/07\/1.png);'>\n\n\t\t\t\n\n<div class=\"iframe_panorama_slide\"><\/div>\n\n\t\t\t<div class=\"et_pb_container clearfix\">\n\n\t\t\t\t\n\n\t\t\t\t<div class=\"et_pb_slide_description\">\n\n\t\t\t\t\t<h2><a href=\"http:\/\/www.cordeldeachados.com.br\/novo\/cheftime-o-cordel-de-achados-e-o-chef\/\">Cheftime: o Cordel de Achados \u00e9 o chef<\/a><\/h2>\n\n\t\t\t\t\t<div class=\"et_pb_slide_content\"><\/div>\n\n\t\t\t\t\t\n\n\t\t\t\t<\/div> <!-- .et_pb_slide_description -->\n\n\t\t\t<\/div> <!-- .et_pb_container -->\n\n\t\t\t\n\n\t\t<\/div> <!-- .et_pb_slide -->\n\n\t\t<div class=\"et_pb_slide et_pb_bg_layout_dark et_pb_media_alignment_center\" style='background-color:#ffffff;background-image:url(http:\/\/www.cordeldeachados.com.br\/novo\/wp-content\/uploads\/2016\/04\/resort-ponta-dos-ganchos8-e1460063699802.jpg);'>\n\n\t\t\t\n\n<div class=\"iframe_panorama_slide\"><\/div>\n\n\t\t\t<div class=\"et_pb_container clearfix\">\n\n\t\t\t\t\n\n\t\t\t\t<div class=\"et_pb_slide_description\">\n\n\t\t\t\t\t<h2><a href=\"http:\/\/www.cordeldeachados.com.br\/novo\/falta-de-infraestrutura-ainda-segura-crescimento-de-resorts\/\">Infraestrutura dificulta crescimento de resorts<\/a><\/h2>\n\n\t\t\t\t\t<div class=\"et_pb_slide_content\"><\/div>\n\n\t\t\t\t\t\n\n\t\t\t\t<\/div> <!-- .et_pb_slide_description -->\n\n\t\t\t<\/div> <!-- .et_pb_container -->\n\n\t\t\t\n\n\t\t<\/div> <!-- .et_pb_slide -->\n\n\t\t<div class=\"et_pb_slide et_pb_bg_layout_dark et_pb_media_alignment_center\" style='background-color:#ffffff;background-image:url(http:\/\/www.cordeldeachados.com.br\/novo\/wp-content\/uploads\/2016\/04\/casinha-200-anos-cordel-de-achados11.jpg);'>\n\n\t\t\t\n\n<div class=\"iframe_panorama_slide\"><\/div>\n\n\t\t\t<div class=\"et_pb_container clearfix\">\n\n\t\t\t\t\n\n\t\t\t\t<div class=\"et_pb_slide_description\">\n\n\t\t\t\t\t<h2><a href=\"http:\/\/www.cordeldeachados.com.br\/novo\/casa-de-campo-modesta\/\">Casa de campo charmosa<\/a><\/h2>\n\n\t\t\t\t\t<div class=\"et_pb_slide_content\"><\/div>\n\n\t\t\t\t\t\n\n\t\t\t\t<\/div> <!-- .et_pb_slide_description -->\n\n\t\t\t<\/div> <!-- .et_pb_container -->\n\n\t\t\t\n\n\t\t<\/div> <!-- .et_pb_slide -->\n\n\t\t<div class=\"et_pb_slide et_pb_bg_layout_dark\" style='background-color:#ffffff;background-image:url(http:\/\/www.cordeldeachados.com.br\/novo\/wp-content\/uploads\/2016\/04\/IMG_8775.jpg);'>\n\n\t\t\t\n\n<div class=\"iframe_panorama_slide\"><\/div>\n\n\t\t\t<div class=\"et_pb_container clearfix\">\n\n\t\t\t\t\n\n\t\t\t\t<div class=\"et_pb_slide_description\">\n\n\t\t\t\t\t<h2><a href=\"http:\/\/www.cordeldeachados.com.br\/novo\/varanda-muito-alem-da-area-gourmet\/\">Varanda: muito al\u00e9m da \u00e1rea gourmet<\/a><\/h2>\n\n\t\t\t\t\t<div class=\"et_pb_slide_content\"><\/div>\n\n\t\t\t\t\t\n\n\t\t\t\t<\/div> <!-- .et_pb_slide_description -->\n\n\t\t\t<\/div> <!-- .et_pb_container -->\n\n\t\t\t\n\n\t\t<\/div> <!-- .et_pb_slide -->\n\n\t\t\n\n\t\t\t<\/div> <!-- .et_pb_slides -->\n\n\t\t<\/div> <!-- .et_pb_slider -->\n\n\t\t<section class=\"et_pb_fullwidth_header et_pb_bg_layout_light et_pb_text_align_left divisor\">\n\n\t\t\t<div class=\"et_pb_row\">\n\n\t\t\t\t<h1><\/h1>\n\n\t\t\t\t\n\n\t\t\t<\/div>\n\n\t\t<\/section>\n\n\t\t\t\n\n\t\t<\/div> <!-- .et_pb_section --><div class=\"et_pb_section verso et_section_regular\" style='background-color:#ffffff;'>\n\n\t\t\t\n\n\t\t\t\n\n\t\t\t\t\n\n\t\t\t\t<div class=\"et_pb_row\">\n\n\t\t\t<div class=\"et_pb_column et_pb_column_4_4\">\n\n\t\t\t<div class=\"et_pb_testimonial et_pb_testimonial_no_image et_pb_bg_layout_light et_pb_text_align_left clearfix\" style=\"background-color: #f5f5f5;\">\n\n\t\t\t\n\n\t\t\t<div class=\"et_pb_testimonial_description\">\n\n\t\t\t\t\n<blockquote>\n<p style=\"text-align: right;\">No Cordel de Achados, tudo vem do cora\u00e7\u00e3o<\/p>\n<p style=\"text-align: right;\">Entre, fique \u00e0 vontade, minha gente<\/p>\n<p style=\"text-align: right;\">N\u00e3o precisa pedir n\u00e3o!<\/p>\n<\/blockquote>\n\n\n\t\t\t\t<strong class=\"et_pb_testimonial_author\">Augusta Sellman<\/strong>\n\n\t\t\t\t<p class=\"et_pb_testimonial_meta\"><\/p>\n\n\t\t\t<\/div> <!-- .et_pb_testimonial_description -->\n\n\t\t<\/div> <!-- .et_pb_testimonial -->\n\n\t\t<\/div> <!-- .et_pb_column -->\n\n\t\t<\/div> <!-- .et_pb_row -->\n\n\t\t\t\n\n\t\t<\/div> <!-- .et_pb_section --><div class=\"et_pb_section noticia_entrevista et_section_regular\" style='background-color:#ffffff;'>\n\n\t\t\t\n\n\t\t\t\n\n\t\t\t\t\n\n\t\t\t\t<div class=\"et_pb_row\">\n\n\t\t\t<div class=\"et_pb_column et_pb_column_1_2\">\n\n\t\t\t<a href=\"http:\/\/www.cordeldeachados.com.br\/novo\/biscoitos-bordados\/\"><img decoding=\"async\" src=\"http:\/\/www.cordeldeachados.com.br\/novo\/wp-content\/uploads\/2016\/04\/biscoitos-decorados-cordel-de-achados1.jpg\" alt=\"\" class=\"et-waypoint et_pb_image et_pb_animation_left destaque_um\" \/><\/a>\n\n\t\t<\/div> <!-- .et_pb_column --><div class=\"et_pb_column et_pb_column_1_4\">\n\n\t\t\t<div class=\"et_pb_text et_pb_bg_layout_light et_pb_text_align_left legenda_um\">\n\n\t\t\t\n<p><span style=\"color: #808080;\"><a style=\"color: #808080;\" href=\"http:\/\/www.cordeldeachados.com.br\/novo\/biscoitos-bordados\/\" target=\"_blank\">Pintura inspirada em bordados. Esta saborosa arte \u00e9 feita pela h\u00fangara Judit Czink.<\/a><\/span><\/p>\n\n\n\t\t<\/div> <!-- .et_pb_text --><a href=\"http:\/\/www.cordeldeachados.com.br\/novo\/turismo-na-america-latina-em-foco\/\" target=\"_blank\"><img decoding=\"async\" src=\"http:\/\/www.cordeldeachados.com.br\/novo\/wp-content\/uploads\/2016\/04\/family-china-cordel-de-achados1.jpg\" alt=\"\" class=\"et-waypoint et_pb_image et_pb_animation_left foto_entrevista\" \/><\/a>\n\n\t\t<\/div> <!-- .et_pb_column --><div class=\"et_pb_column et_pb_column_1_4\">\n\n\t\t\t<div class=\"et_pb_text et_pb_bg_layout_light et_pb_text_align_left legenda_entrevista\">\n\n\t\t\t\n<div class=\"et_pb_text et_pb_bg_layout_light et_pb_text_align_left legenda_entrevista\">\n<p><span style=\"color: #ffffff;\">WORLD TRAVEL LATIN AMERICA<br \/>\n<\/span><\/p>\n<p>Atrair turistas chineses \u00e9 estrat\u00e9gia do setor para obter investimentos.<\/p>\n<\/div>\n\n\n\t\t<\/div> <!-- .et_pb_text -->\n\n\t\t<\/div> <!-- .et_pb_column -->\n\n\t\t<\/div> <!-- .et_pb_row --><div class=\"et_pb_row\">\n\n\t\t\t<div class=\"et_pb_column et_pb_column_1_2\">\n\n\t\t\t<div class=\"et_pb_text et_pb_bg_layout_light et_pb_text_align_left titulo_noticias\">\n\n\t\t\t\n<h3><span style=\"color: #000000;\"><a style=\"color: #000000;\" href=\"http:\/\/www.cordeldeachados.com.br\/novo\/chita-da-pano-pras-mangas\/\" target=\"_blank\">A cara do Cordel<\/a><\/span><\/h3>\n<h2><span id=\"result_box\" class=\"\" lang=\"pt\"><span class=\"\">Vamos misturar<\/span> bordado, <span class=\"\">ilustra\u00e7\u00e3o e<\/span> <span class=\"\">pastelaria<\/span> e criar <span class=\"\">biscoitos<\/span> decorados<span class=\"\">?<\/span><\/span><\/h2>\n\n\n\t\t<\/div> <!-- .et_pb_text -->\n\n\t\t<\/div> <!-- .et_pb_column --><div class=\"et_pb_column et_pb_column_1_2\">\n\n\t\t\t<div class=\"et_pb_text et_pb_bg_layout_light et_pb_text_align_left citacao_foto\">\n\n\t\t\t\n<blockquote>\n<p style=\"text-align: center;\"><span style=\"color: #ffffff;\"><br \/>\n<\/span><\/p>\n<\/blockquote>\n\n\n\t\t<\/div> <!-- .et_pb_text -->\n\n\t\t<\/div> <!-- .et_pb_column -->\n\n\t\t<\/div> <!-- .et_pb_row -->\n\n\t\t\t\n\n\t\t<\/div> <!-- .et_pb_section --><div class=\"et_pb_section noticia_entrevista_mobile et_section_regular\" style='background-color:#ffffff;'>\n\n\t\t\t\n\n\t\t\t\n\n\t\t\t\t\n\n\t\t\t\t<div class=\"et_pb_row\">\n\n\t\t\t<div class=\"et_pb_column et_pb_column_1_2\">\n\n\t\t\t<div class=\"et_pb_text et_pb_bg_layout_light et_pb_text_align_left\">\n\n\t\t\t\n<p><span style=\"color: #808080;\"><a style=\"color: #808080;\" href=\"http:\/\/www.cordeldeachados.com.br\/novo\/biscoitos-bordados\/\" target=\"_blank\">Pintura inspirada em bordados. Esta saborosa arte \u00e9 feita pela h\u00fangara Judit Czink.<\/a><\/span><\/p>\n\n\n\t\t<\/div> <!-- .et_pb_text --><a href=\"http:\/\/www.cordeldeachados.com.br\/novo\/casa-de-campo-acolhe-tres-geracoes\/\"><img decoding=\"async\" src=\"http:\/\/www.cordeldeachados.com.br\/novo\/wp-content\/uploads\/2016\/04\/biscoitos-decorados-cordel-de-achados1.jpg\" alt=\"\" class=\"et-waypoint et_pb_image et_pb_animation_left img_destaque_um_mobile\" \/><\/a><div class=\"et_pb_text et_pb_bg_layout_light et_pb_text_align_left titulo_noticias titulo_noticias_mobile\">\n\n\t\t\t\n<h3><span style=\"color: #808080;\"><a style=\"color: #808080;\" href=\"http:\/\/www.cordeldeachados.com.br\/novo\/chita-da-pano-pras-mangas\/\">A cara do Cordel<\/a><\/span><\/h3>\n<h2><span id=\"result_box\" class=\"\" lang=\"pt\"><span class=\"\">Vamos misturar<\/span> bordado, <span class=\"\">ilustra\u00e7\u00e3o e<\/span> <span class=\"\">pastelaria<\/span> e criar <span class=\"\">biscoitos<\/span> decorados<span class=\"\">?<\/span><\/span><\/h2>\n\n\n\t\t<\/div> <!-- .et_pb_text -->\n\n\t\t<\/div> <!-- .et_pb_column --><div class=\"et_pb_column et_pb_column_1_4 et_pb_column_empty\">\n\n\t\t\t\n\n\t\t<\/div> <!-- .et_pb_column --><div class=\"et_pb_column et_pb_column_1_4 et_pb_column_empty\">\n\n\t\t\t\n\n\t\t<\/div> <!-- .et_pb_column -->\n\n\t\t<\/div> <!-- .et_pb_row --><div class=\"et_pb_row\">\n\n\t\t\t<div class=\"et_pb_column et_pb_column_1_2\">\n\n\t\t\t<div class=\"et_pb_text et_pb_bg_layout_light et_pb_text_align_left legenda_entrevista legenda_entrevista_mobile\">\n\n\t\t\t\n<div class=\"et_pb_text et_pb_bg_layout_light et_pb_text_align_left legenda_entrevista\">\n<p>WORLD TRAVEL LATIN AMERICA: Atrair turistas chineses \u00e9 estrat\u00e9gia do setor.<\/p>\n<\/div>\n<p><a href=\"http:\/\/www.cordeldeachados.com.br\/novo\/brasilidade-pontua-paralelamovel\/\">Leia mais<\/a><\/p>\n\n\n\t\t<\/div> <!-- .et_pb_text --><a href=\"http:\/\/www.cordeldeachados.com.br\/novo\/voce-sabe-o-que-e-realidade-virtual-movel\/\"><img decoding=\"async\" src=\"http:\/\/www.cordeldeachados.com.br\/novo\/wp-content\/uploads\/2016\/04\/family-china-cordel-de-achados1.jpg\" alt=\"\" class=\"et-waypoint et_pb_image et_pb_animation_left foto_entrevista foto_entrevista_mobile\" \/><\/a><div class=\"et_pb_text et_pb_bg_layout_light et_pb_text_align_left citacao_foto citacao_foto_mobile\">\n\n\t\t\t\n\n\t\t<\/div> <!-- .et_pb_text -->\n\n\t\t<\/div> <!-- .et_pb_column --><div class=\"et_pb_column et_pb_column_1_2 et_pb_column_empty\">\n\n\t\t\t\n\n\t\t<\/div> <!-- .et_pb_column -->\n\n\t\t<\/div> <!-- .et_pb_row -->\n\n\t\t\t\n\n\t\t<\/div> <!-- .et_pb_section --><div class=\"et_pb_section novidades_session et_section_regular\" style='background-color:#ffffff;'>\n\n\t\t\t\n\n\t\t\t\n\n\t\t\t\t\n\n\t\t\t\t<div class=\"et_pb_row\">\n\n\t\t\t<div class=\"et_pb_column et_pb_column_1_2\">\n\n\t\t\t<div class=\"et_pb_text et_pb_bg_layout_light et_pb_text_align_left destaque_novidades\">\n\n\t\t\t\n<h3>PETS<\/h3>\n<h2>Adotei e amei<\/h2>\n<p>A ado\u00e7\u00e3o \u00e9 um gesto nobre e totalmente altru\u00edsta. Ajudar e amar um animalzinho sem lar \u00e9 sempre muito gratificante.<\/p>\n<p><a title=\"Ref\u00fagio Verde\" href=\"http:\/\/www.cordeldeachados.com.br\/novo\/adocao-adotei-e-amei\/\" target=\"_blank\">Leia mais<\/a><\/p>\n\n\n\t\t<\/div> <!-- .et_pb_text -->\n\n\t\t<\/div> <!-- .et_pb_column --><div class=\"et_pb_column et_pb_column_1_2\">\n\n\t\t\t<a href=\"http:\/\/www.cordeldeachados.com.br\/novo\/marcelo-faisal-jardim-da-dinda\/\"><img decoding=\"async\" src=\"http:\/\/www.cordeldeachados.com.br\/novo\/wp-content\/uploads\/2016\/04\/cao-e-gato-cordel-de-achados1-e1460389291322.jpg\" alt=\"\" class=\"et-waypoint et_pb_image et_pb_animation_left image_novidades\" \/><\/a>\n\n\t\t<\/div> <!-- .et_pb_column -->\n\n\t\t<\/div> <!-- .et_pb_row -->\n\n\t\t\t\n\n\t\t<\/div> <!-- .et_pb_section --><div class=\"et_pb_section novidades_session_mobile et_section_regular\" style='background-color:#ffffff;'>\n\n\t\t\t\n\n\t\t\t\n\n\t\t\t\t\n\n\t\t\t\t<div class=\"et_pb_row\">\n\n\t\t\t<div class=\"et_pb_column et_pb_column_1_2\">\n\n\t\t\t<div class=\"et_pb_text et_pb_bg_layout_light et_pb_text_align_left destaque_novidades destaque_novidades_mobile\">\n\n\t\t\t\n<h3>PETS<\/h3>\n<h2>Adotei e amei<\/h2>\n<p>A ado\u00e7\u00e3o \u00e9 um gesto nobre e totalmente altru\u00edsta. Ajudar e amar um animalzinho sem lar \u00e9 sempre muito gratificante.<\/p>\n<p><a title=\"Ref\u00fagio Verde\" href=\"http:\/\/www.cordeldeachados.com.br\/novo\/adocao-adotei-e-amei\/\" target=\"_blank\">Leia mais<\/a><\/p>\n\n\n\t\t<\/div> <!-- .et_pb_text -->\n\n\t\t<\/div> <!-- .et_pb_column --><div class=\"et_pb_column et_pb_column_1_2\">\n\n\t\t\t<a href=\"http:\/\/www.cordeldeachados.com.br\/novo\/arquitetura-organica-refugio-verde\/\"><img decoding=\"async\" src=\"http:\/\/www.cordeldeachados.com.br\/novo\/wp-content\/uploads\/2016\/04\/cao-e-gato-cordel-de-achados1-e1460389291322.jpg\" alt=\"\" class=\"et-waypoint et_pb_image et_pb_animation_left image_novidades image_novidades_mobile\" \/><\/a>\n\n\t\t<\/div> <!-- .et_pb_column -->\n\n\t\t<\/div> <!-- .et_pb_row -->\n\n\t\t\t\n\n\t\t<\/div> <!-- .et_pb_section --><div class=\"et_pb_section mini_boxes et_section_regular\" style='background-color:#ffffff;'>\n\n\t\t\t\n\n\t\t\t\n\n\t\t\t\t\n\n\t\t\t\t<div class=\"et_pb_row\">\n\n\t\t\t<div class=\"et_pb_column et_pb_column_1_4\">\n\n\t\t\t<div id=\"gray_box\" class=\"et_pb_text et_pb_bg_layout_light et_pb_text_align_left text_box\">\n\n\t\t\t\n<h3>Comercial<\/h3>\n<h2>Caf\u00e9 interiorano<\/h2>\n<p style=\"font-weight: 500;\"><span style=\"color: #808080;\"><a style=\"color: #808080;\" href=\"http:\/\/www.cordeldeachados.com.br\/novo\/jose-a-henrique-studio-zeh-boulangerie\/\">Dona De\u00f4la tem projeto de Studio Zeh e explora jeito de armaz\u00e9m na decora\u00e7\u00e3o.<\/a><\/span><\/p>\n\n\n\t\t<\/div> <!-- .et_pb_text -->\n\n\t\t<\/div> <!-- .et_pb_column --><div class=\"et_pb_column et_pb_column_1_4\">\n\n\t\t\t<a href=\"http:\/\/www.cordeldeachados.com.br\/novo\/jose-a-henrique-studio-zeh-boulangerie\/\"><img decoding=\"async\" src=\"http:\/\/www.cordeldeachados.com.br\/novo\/wp-content\/uploads\/2014\/02\/boulangerie-studio-zeh-jose-a-henrique.jpg\" alt=\"\" class=\"et-waypoint et_pb_image et_pb_animation_left img_graybox img_graybox _mobile\" \/><\/a>\n\n\t\t<\/div> <!-- .et_pb_column --><div class=\"et_pb_column et_pb_column_1_4\">\n\n\t\t\t<div class=\"et_pb_text et_pb_bg_layout_light et_pb_text_align_left text_box\">\n\n\t\t\t\n<h3>Festas<\/h3>\n<h2>Batizado: anjos e natureza<\/h2>\n<p><span style=\"color: #808080;\"><a style=\"color: #808080;\" href=\"http:\/\/www.cordeldeachados.com.br\/novo\/batizado-anjos-e-muita-natureza\/\">Protagonista, a natureza entra atrav\u00e9s das portas envidra\u00e7adas e encontra lugar cativo em arranjos de decora\u00e7\u00e3o.<\/a><\/span><\/p>\n\n\n\t\t<\/div> <!-- .et_pb_text -->\n\n\t\t<\/div> <!-- .et_pb_column --><div class=\"et_pb_column et_pb_column_1_4\">\n\n\t\t\t<a href=\"http:\/\/www.cordeldeachados.com.br\/novo\/batizado-anjos-e-muita-natureza\/\"><img decoding=\"async\" src=\"http:\/\/www.cordeldeachados.com.br\/novo\/wp-content\/uploads\/2015\/07\/DECORA\u00c7\u00c3OBATIZADO_LUCIANACARDOSO_01-18-e1438490937867.jpeg\" alt=\"\" class=\"et-waypoint et_pb_image et_pb_animation_left img_graybox\" \/><\/a>\n\n\t\t<\/div> <!-- .et_pb_column -->\n\n\t\t<\/div> <!-- .et_pb_row -->\n\n\t\t\t\n\n\t\t<\/div> <!-- .et_pb_section --><div class=\"et_pb_section levepracasa et_section_regular\" style='background-color:#ffffff;'>\n\n\t\t\t\n\n\t\t\t\n\n\t\t\t\t\n\n\t\t\t\t<div class=\"et_pb_row\">\n\n\t\t\t<div class=\"et_pb_column et_pb_column_1_4\">\n\n\t\t\t<a href=\"http:\/\/www.cordeldeachados.com.br\/novo\/design-com-emocao\/\"><img decoding=\"async\" src=\"http:\/\/www.cordeldeachados.com.br\/novo\/wp-content\/uploads\/2014\/02\/imagem_release_208326-e1404764463461.jpg\" alt=\"\" class=\"et-waypoint et_pb_image et_pb_animation_left imagemproduto\" \/><\/a>\n\n\t\t<\/div> <!-- .et_pb_column --><div class=\"et_pb_column et_pb_column_1_4\">\n\n\t\t\t<img decoding=\"async\" src=\"http:\/\/www.cordeldeachados.com.br\/novo\/wp-content\/uploads\/2014\/02\/leveCasa.jpg\" alt=\"\" class=\"et-waypoint et_pb_image et_pb_animation_left\" \/>\n\n\t\t<\/div> <!-- .et_pb_column --><div class=\"et_pb_column et_pb_column_1_4\">\n\n\t\t\t<a href=\"http:\/\/www.cordeldeachados.com.br\/novo\/meias-de-gato-ai-que-fofo\/\"><img decoding=\"async\" src=\"http:\/\/www.cordeldeachados.com.br\/novo\/wp-content\/uploads\/2014\/02\/CURTIMOS_cordellayout.png\" alt=\"\" class=\"et-waypoint et_pb_image et_pb_animation_left img_graybox\" \/><\/a>\n\n\t\t<\/div> <!-- .et_pb_column --><div class=\"et_pb_column et_pb_column_1_4\">\n\n\t\t\t<a href=\"http:\/\/www.cordeldeachados.com.br\/novo\/agenda\/\"><img decoding=\"async\" src=\"http:\/\/www.cordeldeachados.com.br\/novo\/wp-content\/uploads\/2014\/02\/AGENDA_cordellayout.png\" alt=\"\" class=\"et-waypoint et_pb_image et_pb_animation_left img_graybox\" \/><\/a>\n\n\t\t<\/div> <!-- .et_pb_column -->\n\n\t\t<\/div> <!-- .et_pb_row -->\n\n\t\t\t\n\n\t\t<\/div> <!-- .et_pb_section --><\/p>\n","protected":false},"excerpt":{"rendered":"<p>Cordel de Achados &#8211; Decora\u00e7\u00e3o com Jeitinho Brasileiro. Um site repleto de boas ideias, panoramas e v\u00eddeos 360\u00b0, para explorar todo o ambiente.<\/p>\n","protected":false},"author":1,"featured_media":0,"parent":0,"menu_order":0,"comment_status":"open","ping_status":"closed","template":"","meta":{"_acf_changed":false,"footnotes":""},"class_list":["post-6","page","type-page","status-publish","hentry"],"acf":[],"_links":{"self":[{"href":"http:\/\/www.cordeldeachados.com.br\/novo\/wp-json\/wp\/v2\/pages\/6","targetHints":{"allow":["GET"]}}],"collection":[{"href":"http:\/\/www.cordeldeachados.com.br\/novo\/wp-json\/wp\/v2\/pages"}],"about":[{"href":"http:\/\/www.cordeldeachados.com.br\/novo\/wp-json\/wp\/v2\/types\/page"}],"author":[{"embeddable":true,"href":"http:\/\/www.cordeldeachados.com.br\/novo\/wp-json\/wp\/v2\/users\/1"}],"replies":[{"embeddable":true,"href":"http:\/\/www.cordeldeachados.com.br\/novo\/wp-json\/wp\/v2\/comments?post=6"}],"version-history":[{"count":220,"href":"http:\/\/www.cordeldeachados.com.br\/novo\/wp-json\/wp\/v2\/pages\/6\/revisions"}],"predecessor-version":[{"id":4359,"href":"http:\/\/www.cordeldeachados.com.br\/novo\/wp-json\/wp\/v2\/pages\/6\/revisions\/4359"}],"wp:attachment":[{"href":"http:\/\/www.cordeldeachados.com.br\/novo\/wp-json\/wp\/v2\/media?parent=6"}],"curies":[{"name":"wp","href":"https:\/\/api.w.org\/{rel}","templated":true}]}}