{"id":24,"date":"2014-04-01T14:58:26","date_gmt":"2014-04-01T14:58:26","guid":{"rendered":"http:\/\/cordeldeachados.com.br\/?page_id=24"},"modified":"2016-04-14T23:00:18","modified_gmt":"2016-04-14T23:00:18","slug":"acerte-no-decor","status":"publish","type":"page","link":"http:\/\/www.cordeldeachados.com.br\/novo\/acerte-no-decor\/","title":{"rendered":"Achados"},"content":{"rendered":"<p><div class=\"et_pb_section et_pb_inner_shadow et_pb_fullwidth_section et_section_regular\" style='background-image:url(http:\/\/www.cordeldeachados.com.br\/novo\/wp-content\/uploads\/2014\/04\/header_contato.jpg);'>\n\n\t\t\t\n\n\t\t\t\n\n\t\t\t\t\n\n\t\t\t\t<section class=\"et_pb_fullwidth_header et_pb_bg_layout_dark et_pb_text_align_left\">\n\n\t\t\t<div class=\"et_pb_row\">\n\n\t\t\t\t<h1><\/h1>\n\n\t\t\t\t\n\n\t\t\t<\/div>\n\n\t\t<\/section>\n\n\t\t\t\n\n\t\t<\/div> <!-- .et_pb_section --><div class=\"et_pb_section et_section_specialty\">\n\n\t\t\t\n\n\t\t\t<div class=\"et_pb_row\">\n\n\t\t\t\t\n\n\t\t\t\t<div class=\"et_pb_column et_pb_column_3_4\">\n\n\t\t\t<div class=\"et_pb_row_inner\">\n\n\t\t\t<div class=\"et_pb_column et_pb_column_4_4 et_pb_column_inner\">\n\n\t\t\t<div class=\"et_pb_posts et_pb_bg_layout_light\">\n\n\t\t\t\n\n\n\t\t<article id=\"post-4267\" class=\"et_pb_post et_pb_no_thumb post-4267 post type-post status-publish format-standard hentry category-achados category-eventos tag-acabamentos tag-cor tag-cores tag-novidades tag-reforma tag-tendencia tag-tonalidades\">\n\n\n\n\t\t\n\n\n\t\t\n\t\t\t\n\t\t\t\t<h2><a href=\"http:\/\/www.cordeldeachados.com.br\/novo\/qual-sera-a-cor-tendencia-do-ano-de-2017\/\">Qual ser\u00e1 a cor tend\u00eancia do ano de 2017?<\/a><\/h2>\n\n\t\t\t\n\n\n\t\t\t<p class=\"post-meta\">by <a href=\"http:\/\/www.cordeldeachados.com.br\/novo\/author\/cordel\/\" title=\"Posts by Cordel\" rel=\"author\">Cordel<\/a> | nov 7, 2016 | <a href=\"http:\/\/www.cordeldeachados.com.br\/novo\/category\/achados\/\" rel=\"category tag\">Achados<\/a>, <a href=\"http:\/\/www.cordeldeachados.com.br\/novo\/category\/eventos\/\" rel=\"category tag\">Eventos<\/a><\/p><p>&#8220;Poised Taupe&#8221; \u00e9 a cor tend\u00eancia para 2017. Aposta da Sherwin-Williams, ela mistura cinza e marrom e representa o equil\u00edbrio e a harmonia entre os tons.<\/p>\n\n\t\t\n\n\n\t\t<\/article> <!-- .et_pb_post -->\n\n\n\n\n\t\t<article id=\"post-4242\" class=\"et_pb_post et_pb_no_thumb post-4242 post type-post status-publish format-standard hentry category-achados tag-cores tag-decoracao tag-dicas tag-inspiracao tag-moderno tag-paletes tag-rustico tag-sustentabilidade\">\n\n\n\n\t\t\n\n\n\t\t\n\t\t\t\n\t\t\t\t<h2><a href=\"http:\/\/www.cordeldeachados.com.br\/novo\/decorando-com-paletes-futons-e-almofadas\/\">Decorando com&#8230; paletes, futons e almofadas!<\/a><\/h2>\n\n\t\t\t\n\n\n\t\t\t<p class=\"post-meta\">by <a href=\"http:\/\/www.cordeldeachados.com.br\/novo\/author\/cordel\/\" title=\"Posts by Cordel\" rel=\"author\">Cordel<\/a> | ago 4, 2016 | <a href=\"http:\/\/www.cordeldeachados.com.br\/novo\/category\/achados\/\" rel=\"category tag\">Achados<\/a><\/p>Inspire-se em 10 decora\u00e7\u00f5es coloridas, jovens e modernas para fazer em casa com economia! Por: Cordel de Achados\/ Fotos: Pinterest \/ *Avaliamos cada uma das solu\u00e7\u00f5es com emoticons de cora\u00e7\u00e3o, de 1 a 5. Levamos em considera\u00e7\u00e3o a ideia, viabilidade e o custo. &nbsp; 1. Sof\u00e1 e mesinhas de paletes &nbsp; 2. Almofadas, cores e estampas &nbsp; 3. Mesa\/ rack de paletes &nbsp; 4. Futons modulares &nbsp; 5. Paletes e colch\u00e3o &nbsp; 6. Mesa de paletes com pintura na cor turquesa &nbsp; 7. Colch\u00e3o e tecidos &nbsp; 8. Paletes e futons &nbsp; 9. Mesa de centro com paletes e ladrilho hidr\u00e1ulico &nbsp; 10. Futons e nichos...\n\t\t\n\n\n\t\t<\/article> <!-- .et_pb_post -->\n\n\n\n\n\t\t<article id=\"post-3753\" class=\"et_pb_post et_pb_no_thumb post-3753 post type-post status-publish format-standard hentry category-achados tag-achados tag-cores tag-decoracao tag-espaco-gourmet tag-ideias tag-inspiracao\">\n\n\n\n\t\t\n\n\n\t\t\n\t\t\t\n\t\t\t\t<h2><a href=\"http:\/\/www.cordeldeachados.com.br\/novo\/biscoitos-bordados\/\">Biscoitos decorados com bordado<\/a><\/h2>\n\n\t\t\t\n\n\n\t\t\t<p class=\"post-meta\">by <a href=\"http:\/\/www.cordeldeachados.com.br\/novo\/author\/cordel\/\" title=\"Posts by Cordel\" rel=\"author\">Cordel<\/a> | abr 4, 2016 | <a href=\"http:\/\/www.cordeldeachados.com.br\/novo\/category\/achados\/\" rel=\"category tag\">Achados<\/a><\/p><p>Que tal misturar bordado, ilustra\u00e7\u00e3o e pastelaria para criar biscoitos decorados delicados e coloridos? Esta saborosa arte \u00e9 feita pela chef h\u00fangara Judit Czink.<\/p>\n\n\t\t\n\n\n\t\t<\/article> <!-- .et_pb_post -->\n\n\n\n\n\t\t<article id=\"post-3644\" class=\"et_pb_post et_pb_no_thumb post-3644 post type-post status-publish format-standard hentry category-achados category-cozinha tag-decoracao tag-design tag-dicas tag-espaco-pequeno tag-ideias\">\n\n\n\n\t\t\n\n\n\t\t\n\t\t\t\n\t\t\t\t<h2><a href=\"http:\/\/www.cordeldeachados.com.br\/novo\/cozinha-pequena-mesas-sobrepostas\/\">Cozinha pequena = mesas sobrepostas<\/a><\/h2>\n\n\t\t\t\n\n\n\t\t\t<p class=\"post-meta\">by <a href=\"http:\/\/www.cordeldeachados.com.br\/novo\/author\/cordel\/\" title=\"Posts by Cordel\" rel=\"author\">Cordel<\/a> | mar 12, 2016 | <a href=\"http:\/\/www.cordeldeachados.com.br\/novo\/category\/achados\/\" rel=\"category tag\">Achados<\/a>, <a href=\"http:\/\/www.cordeldeachados.com.br\/novo\/category\/doce-lar\/cozinha\/\" rel=\"category tag\">Cozinha<\/a><\/p><p>O que fazer quando a fam\u00edlia cresce, mas o espa\u00e7o em casa continua o mesmo? Na cozinha, aposte na superideia de ter duas mesas ocupando a mesma metragem.<\/p>\n\n\t\t\n\n\n\t\t<\/article> <!-- .et_pb_post -->\n\n\n\n\n\t\t<article id=\"post-3556\" class=\"et_pb_post et_pb_no_thumb post-3556 post type-post status-publish format-standard hentry category-achados tag-achados tag-armarios-e-gavetas tag-decoracao tag-dicas\">\n\n\n\n\t\t\n\n\n\t\t\n\t\t\t\n\t\t\t\t<h2><a href=\"http:\/\/www.cordeldeachados.com.br\/novo\/reinventando-gavetas\/\">Reinventando gavetas!<\/a><\/h2>\n\n\t\t\t\n\n\n\t\t\t<p class=\"post-meta\">by <a href=\"http:\/\/www.cordeldeachados.com.br\/novo\/author\/cordel\/\" title=\"Posts by Cordel\" rel=\"author\">Cordel<\/a> | mar 6, 2016 | <a href=\"http:\/\/www.cordeldeachados.com.br\/novo\/category\/achados\/\" rel=\"category tag\">Achados<\/a><\/p><p>Voc\u00ea j\u00e1 pensou em usar as gavetas para outras coisas, al\u00e9m de guardar talheres, panelas, enxoval e roupas? Veja 10 novas ideias e reinvente esse espa\u00e7o.<\/p>\n\n\t\t\n\n\n\t\t<\/article> <!-- .et_pb_post -->\n\n\n\n\n\t\t<article id=\"post-3502\" class=\"et_pb_post et_pb_no_thumb post-3502 post type-post status-publish format-standard hentry category-achados tag-classico tag-decoracao tag-design tag-tendencia\">\n\n\n\n\t\t\n\n\n\t\t\n\t\t\t\n\t\t\t\t<h2><a href=\"http:\/\/www.cordeldeachados.com.br\/novo\/miniaturas-que-sao-o-maximo\/\">Miniaturas que s\u00e3o o m\u00e1ximo!<\/a><\/h2>\n\n\t\t\t\n\n\n\t\t\t<p class=\"post-meta\">by <a href=\"http:\/\/www.cordeldeachados.com.br\/novo\/author\/cordel\/\" title=\"Posts by Cordel\" rel=\"author\">Cordel<\/a> | mar 1, 2016 | <a href=\"http:\/\/www.cordeldeachados.com.br\/novo\/category\/achados\/\" rel=\"category tag\">Achados<\/a><\/p><p>Elas cabem na palma da m\u00e3o, na estante, sobre o criado-mudo&#8230; Representam \u00edcones do design e, mesmo em miniaturas, ocupam um lugar de destaque no d\u00e9cor.<\/p>\n\n\t\t\n\n\n\t\t<\/article> <!-- .et_pb_post -->\n\n<\/div> <!-- .et_pb_posts --><div class=\"pagination clearfix\">\r\n\t<div class=\"alignleft\"><a href=\"http:\/\/www.cordeldeachados.com.br\/novo\/wp-json\/wp\/v2\/pages\/24\/page\/2\/\" >&laquo; Anterior<\/a><\/div>\r\n\t<div class=\"alignright\"><\/div>\r\n<\/div>\n\n\t\t\n\n\t\t<\/div> <!-- .et_pb_column -->\n\n\t\t<\/div> <!-- .et_pb_row_inner -->\n\n\t\t<\/div> <!-- .et_pb_column --><div class=\"et_pb_column et_pb_column_1_4\">\n\n\t\t\t<div class=\"et_pb_widget_area et_pb_widget_area_right clearfix et_pb_bg_layout_light\">\n\n\t\t\t<div id=\"search-2\" class=\"et_pb_widget widget_search\"><h4 class=\"widgettitle\">Encontre no Cordel<\/h4><form role=\"search\" method=\"get\" id=\"searchform\" class=\"searchform\" action=\"http:\/\/www.cordeldeachados.com.br\/novo\/\">\n\t\t\t\t<div>\n\t\t\t\t\t<label class=\"screen-reader-text\" for=\"s\">Pesquisar por:<\/label>\n\t\t\t\t\t<input type=\"text\" value=\"\" name=\"s\" id=\"s\" \/>\n\t\t\t\t\t<input type=\"submit\" id=\"searchsubmit\" value=\"Pesquisar\" \/>\n\t\t\t\t<\/div>\n\t\t\t<\/form><\/div> <!-- end .et_pb_widget -->\n\t\t<div id=\"recent-posts-2\" class=\"et_pb_widget widget_recent_entries\">\n\t\t<h4 class=\"widgettitle\">Posts Recentes<\/h4>\n\t\t<ul>\n\t\t\t\t\t\t\t\t\t\t\t<li>\n\t\t\t\t\t<a href=\"http:\/\/www.cordeldeachados.com.br\/novo\/cheftime-o-cordel-de-achados-e-o-chef\/\">Cheftime: o Cordel de Achados \u00e9 o chef<\/a>\n\t\t\t\t\t\t\t\t\t<\/li>\n\t\t\t\t\t\t\t\t\t\t\t<li>\n\t\t\t\t\t<a href=\"http:\/\/www.cordeldeachados.com.br\/novo\/qual-sera-a-cor-tendencia-do-ano-de-2017\/\">Qual ser\u00e1 a cor tend\u00eancia do ano de 2017?<\/a>\n\t\t\t\t\t\t\t\t\t<\/li>\n\t\t\t\t\t\t\t\t\t\t\t<li>\n\t\t\t\t\t<a href=\"http:\/\/www.cordeldeachados.com.br\/novo\/morada-divide-se-entre-dois-estilos\/\">Morada divide-se entre estilos<\/a>\n\t\t\t\t\t\t\t\t\t<\/li>\n\t\t\t\t\t\t\t\t\t\t\t<li>\n\t\t\t\t\t<a href=\"http:\/\/www.cordeldeachados.com.br\/novo\/decorando-com-paletes-futons-e-almofadas\/\">Decorando com&#8230; paletes, futons e almofadas!<\/a>\n\t\t\t\t\t\t\t\t\t<\/li>\n\t\t\t\t\t\t\t\t\t\t\t<li>\n\t\t\t\t\t<a href=\"http:\/\/www.cordeldeachados.com.br\/novo\/5-terracos-irresistiveis-convidam-a-jantar-fora-de-casa\/\">5 terra\u00e7os irresist\u00edveis convidam a jantar fora de casa<\/a>\n\t\t\t\t\t\t\t\t\t<\/li>\n\t\t\t\t\t<\/ul>\n\n\t\t<\/div> <!-- end .et_pb_widget --><div id=\"archives-2\" class=\"et_pb_widget widget_archive\"><h4 class=\"widgettitle\">Biblioteca<\/h4>\n\t\t\t<ul>\n\t\t\t\t\t<li><a href='http:\/\/www.cordeldeachados.com.br\/novo\/2017\/07\/'>julho 2017<\/a>&nbsp;(1)<\/li>\n\t<li><a href='http:\/\/www.cordeldeachados.com.br\/novo\/2016\/11\/'>novembro 2016<\/a>&nbsp;(1)<\/li>\n\t<li><a href='http:\/\/www.cordeldeachados.com.br\/novo\/2016\/09\/'>setembro 2016<\/a>&nbsp;(1)<\/li>\n\t<li><a href='http:\/\/www.cordeldeachados.com.br\/novo\/2016\/08\/'>agosto 2016<\/a>&nbsp;(1)<\/li>\n\t<li><a href='http:\/\/www.cordeldeachados.com.br\/novo\/2016\/07\/'>julho 2016<\/a>&nbsp;(2)<\/li>\n\t<li><a href='http:\/\/www.cordeldeachados.com.br\/novo\/2016\/06\/'>junho 2016<\/a>&nbsp;(2)<\/li>\n\t<li><a href='http:\/\/www.cordeldeachados.com.br\/novo\/2016\/05\/'>maio 2016<\/a>&nbsp;(3)<\/li>\n\t<li><a href='http:\/\/www.cordeldeachados.com.br\/novo\/2016\/04\/'>abril 2016<\/a>&nbsp;(8)<\/li>\n\t<li><a href='http:\/\/www.cordeldeachados.com.br\/novo\/2016\/03\/'>mar\u00e7o 2016<\/a>&nbsp;(15)<\/li>\n\t<li><a href='http:\/\/www.cordeldeachados.com.br\/novo\/2016\/02\/'>fevereiro 2016<\/a>&nbsp;(5)<\/li>\n\t<li><a href='http:\/\/www.cordeldeachados.com.br\/novo\/2016\/01\/'>janeiro 2016<\/a>&nbsp;(10)<\/li>\n\t<li><a href='http:\/\/www.cordeldeachados.com.br\/novo\/2015\/12\/'>dezembro 2015<\/a>&nbsp;(15)<\/li>\n\t<li><a href='http:\/\/www.cordeldeachados.com.br\/novo\/2015\/11\/'>novembro 2015<\/a>&nbsp;(5)<\/li>\n\t<li><a href='http:\/\/www.cordeldeachados.com.br\/novo\/2015\/10\/'>outubro 2015<\/a>&nbsp;(14)<\/li>\n\t<li><a href='http:\/\/www.cordeldeachados.com.br\/novo\/2015\/09\/'>setembro 2015<\/a>&nbsp;(26)<\/li>\n\t<li><a href='http:\/\/www.cordeldeachados.com.br\/novo\/2015\/08\/'>agosto 2015<\/a>&nbsp;(20)<\/li>\n\t<li><a href='http:\/\/www.cordeldeachados.com.br\/novo\/2015\/07\/'>julho 2015<\/a>&nbsp;(11)<\/li>\n\t<li><a href='http:\/\/www.cordeldeachados.com.br\/novo\/2014\/09\/'>setembro 2014<\/a>&nbsp;(1)<\/li>\n\t<li><a href='http:\/\/www.cordeldeachados.com.br\/novo\/2014\/07\/'>julho 2014<\/a>&nbsp;(1)<\/li>\n\t<li><a href='http:\/\/www.cordeldeachados.com.br\/novo\/2014\/06\/'>junho 2014<\/a>&nbsp;(3)<\/li>\n\t\t\t<\/ul>\n\n\t\t\t<\/div> <!-- end .et_pb_widget --><div id=\"categories-4\" class=\"et_pb_widget widget_categories\"><h4 class=\"widgettitle\">Projetos<\/h4>\n\t\t\t<ul>\n\t\t\t\t\t<li class=\"cat-item cat-item-21\"><a href=\"http:\/\/www.cordeldeachados.com.br\/novo\/category\/achados\/\">Achados<\/a>\n<\/li>\n\t<li class=\"cat-item cat-item-4\"><a href=\"http:\/\/www.cordeldeachados.com.br\/novo\/category\/doce-lar\/\">Doce Lar<\/a>\n<ul class='children'>\n\t<li class=\"cat-item cat-item-3\"><a href=\"http:\/\/www.cordeldeachados.com.br\/novo\/category\/doce-lar\/apartamento-pequeno\/\">Apartamento pequeno<\/a>\n<\/li>\n\t<li class=\"cat-item cat-item-100\"><a href=\"http:\/\/www.cordeldeachados.com.br\/novo\/category\/doce-lar\/area-de-lazer\/\">\u00c1rea de Lazer<\/a>\n<\/li>\n\t<li class=\"cat-item cat-item-8\"><a href=\"http:\/\/www.cordeldeachados.com.br\/novo\/category\/doce-lar\/banheiro\/\">Banheiro<\/a>\n<\/li>\n\t<li class=\"cat-item cat-item-5\"><a href=\"http:\/\/www.cordeldeachados.com.br\/novo\/category\/doce-lar\/casa-completa\/\">Casa Completa<\/a>\n<\/li>\n\t<li class=\"cat-item cat-item-9\"><a href=\"http:\/\/www.cordeldeachados.com.br\/novo\/category\/doce-lar\/cozinha\/\">Cozinha<\/a>\n<\/li>\n\t<li class=\"cat-item cat-item-12\"><a href=\"http:\/\/www.cordeldeachados.com.br\/novo\/category\/doce-lar\/espaco-gourmet\/\">Espa\u00e7o Gourmet<\/a>\n<\/li>\n\t<li class=\"cat-item cat-item-10\"><a href=\"http:\/\/www.cordeldeachados.com.br\/novo\/category\/doce-lar\/home-office\/\">Home Office<\/a>\n<\/li>\n\t<li class=\"cat-item cat-item-18\"><a href=\"http:\/\/www.cordeldeachados.com.br\/novo\/category\/doce-lar\/produtos\/\">Produtos<\/a>\n<\/li>\n\t<li class=\"cat-item cat-item-7\"><a href=\"http:\/\/www.cordeldeachados.com.br\/novo\/category\/doce-lar\/quarto\/\">Quarto<\/a>\n<\/li>\n\t<li class=\"cat-item cat-item-6\"><a href=\"http:\/\/www.cordeldeachados.com.br\/novo\/category\/doce-lar\/sala\/\">Sala<\/a>\n<\/li>\n\t<li class=\"cat-item cat-item-11\"><a href=\"http:\/\/www.cordeldeachados.com.br\/novo\/category\/doce-lar\/varanda\/\">Varanda<\/a>\n<\/li>\n<\/ul>\n<\/li>\n\t<li class=\"cat-item cat-item-22\"><a href=\"http:\/\/www.cordeldeachados.com.br\/novo\/category\/eventos\/\">Eventos<\/a>\n<\/li>\n\t<li class=\"cat-item cat-item-24\"><a href=\"http:\/\/www.cordeldeachados.com.br\/novo\/category\/festas\/\">Festas<\/a>\n<\/li>\n\t<li class=\"cat-item cat-item-98\"><a href=\"http:\/\/www.cordeldeachados.com.br\/novo\/category\/mais\/\">Mais<\/a>\n<ul class='children'>\n\t<li class=\"cat-item cat-item-99\"><a href=\"http:\/\/www.cordeldeachados.com.br\/novo\/category\/mais\/artigo\/\">Artigo<\/a>\n<\/li>\n\t<li class=\"cat-item cat-item-250\"><a href=\"http:\/\/www.cordeldeachados.com.br\/novo\/category\/mais\/design\/\">Design<\/a>\n<\/li>\n\t<li class=\"cat-item cat-item-16\"><a href=\"http:\/\/www.cordeldeachados.com.br\/novo\/category\/mais\/entrevista\/\">Entrevista<\/a>\n<\/li>\n\t<li class=\"cat-item cat-item-248\"><a href=\"http:\/\/www.cordeldeachados.com.br\/novo\/category\/mais\/marketing-e-vendas\/\">Marketing e Vendas<\/a>\n<\/li>\n\t<li class=\"cat-item cat-item-251\"><a href=\"http:\/\/www.cordeldeachados.com.br\/novo\/category\/mais\/revestimentos-e-acabamentos\/\">Revestimentos e acabamentos<\/a>\n<\/li>\n<\/ul>\n<\/li>\n\t<li class=\"cat-item cat-item-30\"><a href=\"http:\/\/www.cordeldeachados.com.br\/novo\/category\/paisagismo\/\">Paisagismo<\/a>\n<\/li>\n\t<li class=\"cat-item cat-item-20\"><a href=\"http:\/\/www.cordeldeachados.com.br\/novo\/category\/passo-a-passo\/\">Passo a Passo<\/a>\n<\/li>\n\t<li class=\"cat-item cat-item-28\"><a href=\"http:\/\/www.cordeldeachados.com.br\/novo\/category\/pelo-mundo\/\">Pelo Mundo<\/a>\n<\/li>\n\t<li class=\"cat-item cat-item-23\"><a href=\"http:\/\/www.cordeldeachados.com.br\/novo\/category\/pets\/\">Pets<\/a>\n<\/li>\n\t<li class=\"cat-item cat-item-25\"><a href=\"http:\/\/www.cordeldeachados.com.br\/novo\/category\/projetos-comerciais\/\">Projetos Comerciais<\/a>\n<\/li>\n\t<li class=\"cat-item cat-item-27\"><a href=\"http:\/\/www.cordeldeachados.com.br\/novo\/category\/realidade-virtual\/\">Realidade Virtual<\/a>\n<\/li>\n\t<li class=\"cat-item cat-item-26\"><a href=\"http:\/\/www.cordeldeachados.com.br\/novo\/category\/sustentavel-2\/\">Sustent\u00e1vel<\/a>\n<\/li>\n\t<li class=\"cat-item cat-item-1\"><a href=\"http:\/\/www.cordeldeachados.com.br\/novo\/category\/uncategorized\/\">Uncategorized<\/a>\n<\/li>\n\t\t\t<\/ul>\n\n\t\t\t<\/div> <!-- end .et_pb_widget -->\n\n\t\t<\/div> <!-- .et_pb_widget_area -->\n\n\t\t<\/div> <!-- .et_pb_column -->\n\n\t\t\t<\/div> <!-- .et_pb_row -->\n\n\t\t<\/div> <!-- .et_pb_section --><div class=\"et_pb_section posts_blog et_section_regular\" style='background-color:#ffffff;background-image:url(http:\/\/www.cordeldeachados.com.br\/novo\/wp-content\/uploads\/2014\/04\/back_postsrelacionados.png);'>\n\n\t\t\t\n\n\t\t\t\n\n\t\t\t\t\n\n\t\t\t\t<div class=\"et_pb_row\">\n\n\t\t\t<div class=\"et_pb_column et_pb_column_4_4\">\n\n\t\t\t<div class=\"et_pb_text et_pb_bg_layout_light et_pb_text_align_center\">\n\n\t\t\t\n<h2><span style=\"color: #000000;\">Veja Mais no Blog<\/span><\/h2>\n\n\n\t\t<\/div> <!-- .et_pb_text --><div class=\"et_pb_blog_grid_wrapper\"><div class=\"et_pb_blog_grid clearfix et_pb_bg_layout_light\">\n\n\t\t\t\n\n\n\t\t<article id=\"post-4340\" class=\"et_pb_post et_pb_no_thumb post-4340 post type-post status-publish format-standard hentry category-espaco-gourmet category-realidade-virtual tag-chef tag-cheftime tag-cordel-de-achados tag-gastronomia tag-gourmet\">\n\n\n\n\t\t\n\n\n\t\t\n\t\t\t\n\t\t\t\t<h2><a href=\"http:\/\/www.cordeldeachados.com.br\/novo\/cheftime-o-cordel-de-achados-e-o-chef\/\">Cheftime: o Cordel de Achados \u00e9 o chef<\/a><\/h2>\n\n\t\t\t\n\n\n\t\t\t<p class=\"post-meta\"> jul 31, 2017 | <a href=\"http:\/\/www.cordeldeachados.com.br\/novo\/category\/doce-lar\/espaco-gourmet\/\" rel=\"category tag\">Espa\u00e7o Gourmet<\/a>, <a href=\"http:\/\/www.cordeldeachados.com.br\/novo\/category\/realidade-virtual\/\" rel=\"category tag\">Realidade Virtual<\/a><\/p><p>Bancamos o chef de cozinha, e deu certo! Recebemos do Cheftime um kit com ingredientes e a receita do prato &#8220;Frango ao Molho Bals\u00e2mico com Couscous Marroquino e Castanha&#8221;. Seguimos o passo a passo e ficou uma del\u00edcia; sucesso &#8220;de primeira&#8221;.<\/p>\n\n\t\t\n\n\n\t\t<\/article> <!-- .et_pb_post -->\n\n\n\n\n\t\t<article id=\"post-4267\" class=\"et_pb_post et_pb_no_thumb post-4267 post type-post status-publish format-standard hentry category-achados category-eventos tag-acabamentos tag-cor tag-cores tag-novidades tag-reforma tag-tendencia tag-tonalidades\">\n\n\n\n\t\t\n\n\n\t\t\n\t\t\t\n\t\t\t\t<h2><a href=\"http:\/\/www.cordeldeachados.com.br\/novo\/qual-sera-a-cor-tendencia-do-ano-de-2017\/\">Qual ser\u00e1 a cor tend\u00eancia do ano de 2017?<\/a><\/h2>\n\n\t\t\t\n\n\n\t\t\t<p class=\"post-meta\"> nov 7, 2016 | <a href=\"http:\/\/www.cordeldeachados.com.br\/novo\/category\/achados\/\" rel=\"category tag\">Achados<\/a>, <a href=\"http:\/\/www.cordeldeachados.com.br\/novo\/category\/eventos\/\" rel=\"category tag\">Eventos<\/a><\/p><p>&#8220;Poised Taupe&#8221; \u00e9 a cor tend\u00eancia para 2017. Aposta da Sherwin-Williams, ela mistura cinza e marrom e representa o equil\u00edbrio e a harmonia entre os tons.<\/p>\n\n\t\t\n\n\n\t\t<\/article> <!-- .et_pb_post -->\n\n\n\n\n\t\t<article id=\"post-4238\" class=\"et_pb_post et_pb_no_thumb post-4238 post type-post status-publish format-standard hentry category-casa-completa category-doce-lar tag-acabamentos tag-arquitetura tag-contemporaneo tag-cores tag-decoracao tag-design tag-estilo tag-integracao tag-jardim tag-oppa tag-paisagismo tag-piscina tag-promocao tag-retro tag-revestimentos tag-vidro tag-vintage\">\n\n\n\n\t\t\n\n\n\t\t\n\t\t\t\n\t\t\t\t<h2><a href=\"http:\/\/www.cordeldeachados.com.br\/novo\/morada-divide-se-entre-dois-estilos\/\">Morada divide-se entre estilos<\/a><\/h2>\n\n\t\t\t\n\n\n\t\t\t<p class=\"post-meta\"> set 16, 2016 | <a href=\"http:\/\/www.cordeldeachados.com.br\/novo\/category\/doce-lar\/casa-completa\/\" rel=\"category tag\">Casa Completa<\/a>, <a href=\"http:\/\/www.cordeldeachados.com.br\/novo\/category\/doce-lar\/\" rel=\"category tag\">Doce Lar<\/a><\/p><p>O que acontece quando um arquiteto e artista pl\u00e1stico cria sua pr\u00f3pria casa? Muita cor, solu\u00e7\u00f5es bacanas, integra\u00e7\u00e3o com a natureza e personalidade!<\/p>\n\n\t\t\n\n\n\t\t<\/article> <!-- .et_pb_post -->\n\n\n\n\t\t<\/div> <!-- .et_pb_posts --><\/div>\n\n\t\t<\/div> <!-- .et_pb_column -->\n\n\t\t<\/div> <!-- .et_pb_row -->\n\n\t\t\t\n\n\t\t<\/div> <!-- .et_pb_section --><\/p>\n","protected":false},"excerpt":{"rendered":"<p>Encontre verdadeiros achados para decorar a casa, utilizar ou, simplesmente, admirar o design. Mimos que ir\u00e3o atrair a aten\u00e7\u00e3o e conquistar o cora\u00e7\u00e3o.<\/p>\n","protected":false},"author":1,"featured_media":0,"parent":0,"menu_order":0,"comment_status":"closed","ping_status":"closed","template":"","meta":{"_acf_changed":false,"footnotes":""},"class_list":["post-24","page","type-page","status-publish","hentry"],"acf":[],"_links":{"self":[{"href":"http:\/\/www.cordeldeachados.com.br\/novo\/wp-json\/wp\/v2\/pages\/24","targetHints":{"allow":["GET"]}}],"collection":[{"href":"http:\/\/www.cordeldeachados.com.br\/novo\/wp-json\/wp\/v2\/pages"}],"about":[{"href":"http:\/\/www.cordeldeachados.com.br\/novo\/wp-json\/wp\/v2\/types\/page"}],"author":[{"embeddable":true,"href":"http:\/\/www.cordeldeachados.com.br\/novo\/wp-json\/wp\/v2\/users\/1"}],"replies":[{"embeddable":true,"href":"http:\/\/www.cordeldeachados.com.br\/novo\/wp-json\/wp\/v2\/comments?post=24"}],"version-history":[{"count":10,"href":"http:\/\/www.cordeldeachados.com.br\/novo\/wp-json\/wp\/v2\/pages\/24\/revisions"}],"predecessor-version":[{"id":3992,"href":"http:\/\/www.cordeldeachados.com.br\/novo\/wp-json\/wp\/v2\/pages\/24\/revisions\/3992"}],"wp:attachment":[{"href":"http:\/\/www.cordeldeachados.com.br\/novo\/wp-json\/wp\/v2\/media?parent=24"}],"curies":[{"name":"wp","href":"https:\/\/api.w.org\/{rel}","templated":true}]}}